 x(f) = 5*f**2 - 2*f - 3. Let k(j) = j**2 + j. Suppose 0 = -4*u + 8*u + 4. Let l(y) = u*x(y) + 6*k(y). Determine l(-6).
-9
Let h(u) = 2*u**3 - 3*u**2 + u + 1. Let d = -1 - 1. Let r be (0 + 1)/(d/(-4)). What is h(r)?
7
Suppose 0 = -3*q + 2 + 1. Let o(u) be the first derivative of 0*u - 1 - 1/2*u**2 - 5/3*u**3. Give o(q).
-6
Let u(m) = -m**2 + 10*m + 6. Let v be u(11). Let w(k) = k - 2. Calculate w(v).
-7
Let k(q) = q**2 + 6*q + 5. Let x(s) = -3*s**2 - 18*s - 16. Let z(w) = 7*k(w) + 2*x(w). Determine z(-5).
-2
Let v(b) = -19*b**2 + 23*b - 6. Let r(u) = -12*u**2 + 15*u - 4. Let g(w) = -8*r(w) + 5*v(w). Calculate g(6).
8
Let d(w) = -2*w + 0 + 3*w - 2. Let q = -4 + 7. Calculate d(q).
1
Suppose -2*w - 4*u - 2 + 4 = 0, -2*u + 16 = 4*w. Let n(m) = m + 0*m - 4 + m - w*m. Give n(-6).
14
Let i(w) be the first derivative of -1/2*w**2 - 2*w**4 - 3 + 1/3*w**3 + w. What is i(1)?
-7
Let m = 22 - 20. Let o(g) = 3*g**2 - 2*g + 3. What is o(m)?
11
Let r(j) = -5*j**2 - 7*j + 2. Let o(l) = l**2 + l - 1. Let y(n) = -4*o(n) - r(n). Let h(c) = c**2 - 5*c + 1. Let k be h(4). What is y(k)?
2
Let k(a) be the second derivative of -a**3/6 - 2*a. Determine k(0).
0
Suppose -5*t = -3*t - 8. Suppose 0 = -3*w - 3*k + 6, 12 = 2*w - w - t*k. Let r(n) = -n**3 + 6*n**2 - 6*n + 1. Give r(w).
9
Let l(x) = -31*x + 14. Let d(h) = 6*h - 3. Let m(u) = 11*d(u) + 2*l(u). Calculate m(5).
15
Let m(i) = i**3 - 8*i**2 + 4*i + 5. Let h(z) = -5*z - 2*z**3 - z**3 + z**3 - 6 + z**3 + 9*z**2. Let x(j) = 4*h(j) + 5*m(j). What is x(4)?
1
Let g(u) = u**2 + u + 1. Let j(a) = 6*a**2 + 13*a + 2. Let o(q) = -5*g(q) + j(q). Give o(-6).
-15
Let f(z) be the third derivative of -z**6/120 + 7*z**5/60 - z**4/4 - z**3/6 + 27*z**2. Determine f(5).
19
Let h(y) = -y**2 - y + 2. Let v = 6 - 4. Let k(o) be the third derivative of -o**6/120 + o**5/60 + o**4/24 - o**2. Let t be k(v). Give h(t).
0
Let j(v) be the third derivative of -v**6/120 + v**5/60 - v**4/24 - v**3/3 - 35*v**2. Calculate j(-2).
12
Let d(c) = -c - 1. Let f(h) = -h**2 + 7*h - 1. Let t be f(7). Let u be d(t). Let o(z) = -8*z**3 - 3*z**2 + 7*z**3 + z**2 + 2 + z**2. Give o(u).
2
Let z(i) = -1. Suppose 0*t + 4*t - 9 = 5*v, 5*v = -5*t. Let b(r) be the second derivative of -r**3/6 - 7*r**2 - r. Let w(n) = t*b(n) - 5*z(n). Give w(-5).
-4
Let o(t) be the first derivative of t**2 - t**3 - 1/4*t**4 - 3*t - 2. Determine o(-3).
-9
Let b(p) = -p + 6. Let c(o) = 5. Suppose 0 = s - 5 - 0. Suppose -s*m + 6 = -4. Let f(d) = m*b(d) - 3*c(d). Determine f(-4).
5
Let t(q) = -5*q**3 - 8*q**2 + 5*q - 8. Let a(c) be the first derivative of 11*c**4/4 + 17*c**3/3 - 11*c**2/2 + 17*c - 3. Let k(z) = 6*a(z) + 13*t(z). Give k(3).
4
Let b(k) = k**3 + 6*k**2 + 3*k - 7. Let g = -29 - -49. Suppose 2*q = 0, 4*c + 0*c - 3*q + g = 0. What is b(c)?
3
Suppose -9 = -l - 3*j + 3, j = -5*l - 10. Let d(p) = p**3 + 5*p**2 + 4*p + 3. Give d(l).
9
Let t(n) be the second derivative of n**6/60 + n**5/60 - n**4/24 - n**3/6 - 2*n. Let d(m) be the second derivative of t(m). Determine d(1).
7
Suppose r + 0*r = 7. Let m(x) = -x**2 + 5*x + 7. What is m(r)?
-7
Let d(c) = 4*c - 5. Let y be d(2). Let i(j) = -j**2 + 4*j - 1. Determine i(y).
2
Let u = -42 - -44. Let q(g) be the first derivative of -2*g**u + 4 - 1/4*g**4 + 6*g - 2*g**3. What is q(-5)?
1
Let x(y) = y**2 - 2*y - 3. Let f be (-6)/(2/(-8)*6). Calculate x(f).
5
Let l(k) = -3 - 2 + 5*k - 4 + 10. Give l(-2).
-9
Let i(s) be the third derivative of s**6/120 + s**5/10 - s**4/6 + s**3 + 27*s**2. Calculate i(-7).
-15
Suppose -g + 0*g = 0. Suppose 3*u = -g*u - 9. Let s(y) = -y**3 - 4*y**2 + 3. Let b(j) = j**3 + 4*j**2 - 3. Let c(a) = -5*b(a) - 6*s(a). Calculate c(u).
6
Let n(q) = q**2 + 8*q - 7. Let b(t) = 2*t + 30. Let w be b(-19). Determine n(w).
-7
Suppose -3*i - 9 = 5*f, -4*i = 4*f + 1 + 11. Let a(h) be the third derivative of -1/6*h**3 + 0 + 4*h**2 + f*h - 1/6*h**4. What is a(1)?
-5
Let h(y) = -y + 2. Let i(s) = s**3 - 6*s**2 + 7*s - 6. Let u be i(5). Give h(u).
-2
Let u(j) = j**2 + 3*j + 2. Let m be (-1 - 0) + 2 + -4. Calculate u(m).
2
Let q(d) = -d - 4. Let a(w) = -1. Let g(j) = 5*a(j) + q(j). Determine g(0).
-9
Let a(i) = -5*i**3 - 1. Let p(u) = -u**2 - 5*u - 5. Let v be p(-4). What is a(v)?
4
Let s(z) = 1. Let r(x) = -x + 3. Let k(y) = -r(y) + 2*s(y). What is k(2)?
1
Let g(p) = -12*p**2 + 2*p + 7*p**2 - 2 + 3*p**2. Give g(2).
-6
Let l be 1/3 - 20/(-3). Let q(u) = -u**2 + 5*u + 16. Let i be q(7). Let o(k) = -2 + i + l*k. Calculate o(1).
7
Let p(r) = r + 3. Let k = -11 + 5. Calculate p(k).
-3
Let q(d) be the second derivative of d**5/120 + d**3/6 + 2*d. Let p(l) be the second derivative of q(l). What is p(2)?
2
Let g(c) be the third derivative of -c**5/60 + c**4/3 - c**3/2 - 12*c**2. Give g(6).
9
Let n be 3 + (0 - 8)/(-4). Suppose 3 = n*j + 8. Let w(k) = -k**2 - k - 1. Determine w(j).
-1
Let n(d) = -d**2 + 4*d - 1. Suppose 2*h - 40 = -2*h. Let u = h + -5. Calculate n(u).
-6
Suppose 4*s - 3*n = 18, n + 3 = s - 2. Let f(j) = 5*j**2 - 3. Let y(o) = -11*o**2 + 7. Let w(v) = -13*f(v) - 6*y(v). Determine w(s).
6
Let x(s) = 2*s + 4. Let n(z) = -21*z + 26. Let c(v) = 4*v - 5. Let g(f) = -11*c(f) - 2*n(f). Let u be g(4). What is x(u)?
-6
Let q(b) = 2*b**3 - 12 + 5 + 5 + 3*b**2 - 3*b**3 - b. Give q(2).
0
Let m(f) be the third derivative of 3/2*f**3 + 0 - 3*f**2 - 1/24*f**4 + 0*f. Give m(0).
9
Let v = 14 + -14. Let b(n) = n**2 - n + 1. Give b(v).
1
Let y(r) = r + 1. Let z be (1 - 9/7)*-7. Let w(u) = u - z*u + 2*u. Let i(b) = -2*w(b) + 3*y(b). Determine i(3).
6
Let j(k) be the first derivative of -3*k**2 - 2*k - 3. Calculate j(2).
-14
Suppose 0 = -c + 2*c. Let y(r) be the third derivative of -r**2 + 1/15*r**5 + 0*r + c*r**4 + 0 + 0*r**3. What is y(-1)?
4
Suppose 5*u = -3*j + 1 - 5, 4*u + 2*j + 4 = 0. Let s(b) = b + 1. Let h(p) = -3*p + 3. Let d(i) = u*s(i) - h(i). Determine d(5).
0
Let r be (-4)/(-22) - 60/(-33). Suppose 0*y - 15 = 3*y, -5*g + r*y = -40. Let z(n) = 4 + 5*n + 0 - 3 - n**2. Give z(g).
-5
Let k = -11 - -29. Let w be (-116)/36 + 4/k. Let l(h) = -h + 1. What is l(w)?
4
Let s(i) = i + 5. Let l(f) = -f. Let y be l(0). Suppose 3*d + y*d = -9. What is s(d)?
2
Let r = 3 + 0. Let u be r/(-5) - 2/5. Let y(x) = x**2 + x. Give y(u).
0
Let p(m) = m**3 + 9*m**2 + 7*m - 11. Let r be p(-8). Let v(f) = f**2 + 1 - 3 + 4*f - f. Let b be v(r). Let o(i) = i - 2. What is o(b)?
-4
Let y(j) = j**3 + 0*j + 4*j - 5*j. Suppose -5*o = -3*g - 5, 3*g = -0*g - 3*o + 27. Suppose -b - g = -3*w, 2*w - 4 = -0*w + b. Determine y(w).
0
Let f(q) be the second derivative of -q**4/12 - 2*q**3/3 - q**2 - 13*q. Calculate f(-3).
1
Let m(d) = -d**2 + d. Let y(i) = -2*i**2 + 2*i - 1. Let r(t) = 5*m(t) - 3*y(t). Give r(4).
15
Let x(y) = -y - 4. Let z be x(0). Let g(f) = 3*f**2 + 9*f - 2. Let w(a) = -a**2 - 3*a + 1. Let o(i) = 4*g(i) + 11*w(i). Give o(z).
7
Let s(l) be the third derivative of l**6/120 + l**5/60 - l**4/24 + 17*l**3/6 + 63*l**2. Calculate s(0).
17
Let y(k) be the first derivative of -k**2/2 - 2*k + 1. What is y(5)?
-7
Let g be 2/(-7) - (-70)/(-98). Let t(k) = -5*k**2 - 7*k - 6. Let y(a) = 11*a**2 + 15*a + 13. Let r(f) = 13*t(f) + 6*y(f). Determine r(g).
2
Let o = -4 + 6. Let j(k) = -2*k - k**2 - k + 3*k**o. Calculate j(2).
2
Let o(i) = i**2 + 8*i + 6. Let t(d) = 3*d**2 - 3*d + 1. Let r be t(2). Let u = -13 + r. Determine o(u).
-6
Let n(o) = -o**3 + 8*o**2 - 7*o - 2. Suppose -11*y = -15*y + 28. What is n(y)?
-2
Let l(r) be the first derivative of -r**4/4 - 5*r**3/3 + 5*r + 18. Calculate l(-5).
5
Let m(o) = -10*o**2 - 15*o - 6. Suppose 5*z + 30 = -5. Let u(p) = 7*p**2 + 10*p + 4. Let g(c) = z*u(c) - 5*m(c). Calculate g(-5).
2
Let j(s) = 2 - 1 - 2*s - 3*s. Determine j(1).
-4
Let z(r) = r - 4. Let k(i) = -2*i + 4. Let n(g) = 4*k(g) + 5*z(g). Let h be ((-20)/12)/(-5)*-9. Calculate n(h).
5
Let b be 6*((-10)/6 - -2). Let f be b - (0 + (-4)/2). Let a(u) = -4*u**2 - 2 - 2*u**2 + 5*u**2 + 7*u - 4. What is a(f)?
6
Suppose -5*l + l = 0. Suppose l = r - 5*v - 2, 13 - 5 = 4*r + v. Let g(u) = -7*u + 6*u + 0*u + u**r + 2. Calculate g(2).
4
Let x(n) = n - 3. Let r(o) = o + 11. Let y be r(-6). Determine x(y).
2
Let p be (-4 + (-52)/(-12))*15. Let o(z) be the first derivative of z**3/3 - 5*z**2/2 + 2*z - 4. Determine o(p).
2
Let d(v) be the first derivative of -v**5/60 + v**4/12 + 2*v**3/3 